{"id":37,"date":"2011-12-30T13:29:36","date_gmt":"2011-12-30T13:29:36","guid":{"rendered":"http:\/\/web404.lex.servertools24.de\/?page_id=37"},"modified":"2018-06-27T13:04:31","modified_gmt":"2018-06-27T11:04:31","slug":"werbespot-kurzfilm","status":"publish","type":"page","link":"https:\/\/tz-videoproduktion.de\/?page_id=37","title":{"rendered":"Werbespot \/ Kurzfilm"},"content":{"rendered":"<p>F\u00fcr Anfragen zu Werbespots sowie zur Produktion von Kurzfilmen stehe ich Ihnen mit meiner Erfahrung und professionellem Equipment zur Verf\u00fcgung. Bereits bei den Drehvorbereitungen arbeite ich mit Ihnen und Ihrem Drehbuch zusammen. Anschlie\u00dfend unterst\u00fctze ich Sie beim Dreh als Kameramann und kann Ihnen mein Equipment zur Verf\u00fcgung stellen.<\/p>\n<p><a title=\"Filme\" href=\"https:\/\/www.tz-videoproduktion.de\/?page_id=11\">Hier k\u00f6nnen Sie einige Produktionen sehen!<\/a><\/p>\n<p><a title=\"Kontakt\" href=\"https:\/\/www.tz-videoproduktion.de\/?page_id=25\">Ich bitte um eine fr\u00fchzeitige Anfrage.<\/a><\/p>\n","protected":false},"excerpt":{"rendered":"<p>F\u00fcr Anfragen zu Werbespots sowie zur Produktion von Kurzfilmen stehe ich Ihnen mit meiner Erfahrung und professionellem Equipment zur Verf\u00fcgung. Bereits bei den Drehvorbereitungen arbeite ich mit Ihnen und Ihrem Drehbuch zusammen. Anschlie\u00dfend unterst\u00fctze ich Sie beim Dreh als Kameramann und kann Ihnen mein Equipment zur Verf\u00fcgung stellen. Hier k\u00f6nnen Sie einige Produktionen sehen! Ich [&hellip;]<\/p>\n","protected":false},"author":2,"featured_media":0,"parent":0,"menu_order":0,"comment_status":"closed","ping_status":"closed","template":"","meta":{"ngg_post_thumbnail":0,"footnotes":""},"class_list":["post-37","page","type-page","status-publish","hentry","post"],"_links":{"self":[{"href":"https:\/\/tz-videoproduktion.de\/index.php?rest_route=\/wp\/v2\/pages\/37","targetHints":{"allow":["GET"]}}],"collection":[{"href":"https:\/\/tz-videoproduktion.de\/index.php?rest_route=\/wp\/v2\/pages"}],"about":[{"href":"https:\/\/tz-videoproduktion.de\/index.php?rest_route=\/wp\/v2\/types\/page"}],"author":[{"embeddable":true,"href":"https:\/\/tz-videoproduktion.de\/index.php?rest_route=\/wp\/v2\/users\/2"}],"replies":[{"embeddable":true,"href":"https:\/\/tz-videoproduktion.de\/index.php?rest_route=%2Fwp%2Fv2%2Fcomments&post=37"}],"version-history":[{"count":1,"href":"https:\/\/tz-videoproduktion.de\/index.php?rest_route=\/wp\/v2\/pages\/37\/revisions"}],"predecessor-version":[{"id":735,"href":"https:\/\/tz-videoproduktion.de\/index.php?rest_route=\/wp\/v2\/pages\/37\/revisions\/735"}],"wp:attachment":[{"href":"https:\/\/tz-videoproduktion.de\/index.php?rest_route=%2Fwp%2Fv2%2Fmedia&parent=37"}],"curies":[{"name":"wp","href":"https:\/\/api.w.org\/{rel}","templated":true}]}}