{"id":33,"date":"2011-12-30T13:28:13","date_gmt":"2011-12-30T13:28:13","guid":{"rendered":"http:\/\/web404.lex.servertools24.de\/?page_id=33"},"modified":"2018-08-29T01:20:54","modified_gmt":"2018-08-28T23:20:54","slug":"nachbearbeitung","status":"publish","type":"page","link":"https:\/\/tz-videoproduktion.de\/?page_id=33","title":{"rendered":"Nachbearbeitung"},"content":{"rendered":"<h3>Ihr altes Video im neuen Glanz!<\/h3>\n<p>Sie haben das Rohmaterial Ihrer Hochzeit daheim &#8222;herum liegen&#8220; und m\u00f6chten einen kompakten und ansprechenden Film von Ihrem besonderen Tag?<\/p>\n<p>Dann bringen Sie mir Ihr Material und ich produziere Ihnen einen attraktiven Film! Entweder in Eigenregie oder in Absprache mit Ihnen, welche Szenen unbedingt dabei sein m\u00fcssen. Das ganze bekommen Sie auf\u00a0einer individuell gestalteten DVD inkl. Men\u00fc und H\u00fclle \u00fcberreicht.<\/p>\n<p><a href=\"https:\/\/www.tz-videoproduktion.de\/?page_id=25\">Gerne nehme ich Ihre Anfrage an!<\/a><\/p>\n","protected":false},"excerpt":{"rendered":"<p>Ihr altes Video im neuen Glanz! Sie haben das Rohmaterial Ihrer Hochzeit daheim &#8222;herum liegen&#8220; und m\u00f6chten einen kompakten und ansprechenden Film von Ihrem besonderen Tag? Dann bringen Sie mir Ihr Material und ich produziere Ihnen einen attraktiven Film! Entweder in Eigenregie oder in Absprache mit Ihnen, welche Szenen unbedingt dabei sein m\u00fcssen. Das ganze [&hellip;]<\/p>\n","protected":false},"author":2,"featured_media":0,"parent":0,"menu_order":0,"comment_status":"closed","ping_status":"closed","template":"","meta":{"ngg_post_thumbnail":0,"footnotes":""},"class_list":["post-33","page","type-page","status-publish","hentry","post"],"_links":{"self":[{"href":"https:\/\/tz-videoproduktion.de\/index.php?rest_route=\/wp\/v2\/pages\/33","targetHints":{"allow":["GET"]}}],"collection":[{"href":"https:\/\/tz-videoproduktion.de\/index.php?rest_route=\/wp\/v2\/pages"}],"about":[{"href":"https:\/\/tz-videoproduktion.de\/index.php?rest_route=\/wp\/v2\/types\/page"}],"author":[{"embeddable":true,"href":"https:\/\/tz-videoproduktion.de\/index.php?rest_route=\/wp\/v2\/users\/2"}],"replies":[{"embeddable":true,"href":"https:\/\/tz-videoproduktion.de\/index.php?rest_route=%2Fwp%2Fv2%2Fcomments&post=33"}],"version-history":[{"count":1,"href":"https:\/\/tz-videoproduktion.de\/index.php?rest_route=\/wp\/v2\/pages\/33\/revisions"}],"predecessor-version":[{"id":732,"href":"https:\/\/tz-videoproduktion.de\/index.php?rest_route=\/wp\/v2\/pages\/33\/revisions\/732"}],"wp:attachment":[{"href":"https:\/\/tz-videoproduktion.de\/index.php?rest_route=%2Fwp%2Fv2%2Fmedia&parent=33"}],"curies":[{"name":"wp","href":"https:\/\/api.w.org\/{rel}","templated":true}]}}