{"id":23,"date":"2011-12-30T13:25:55","date_gmt":"2011-12-30T13:25:55","guid":{"rendered":"http:\/\/web404.lex.servertools24.de\/?page_id=23"},"modified":"2022-09-26T23:12:09","modified_gmt":"2022-09-26T21:12:09","slug":"konfirmation","status":"publish","type":"page","link":"https:\/\/tz-videoproduktion.de\/?page_id=23","title":{"rendered":"Konfirmation"},"content":{"rendered":"\n<h3 class=\"wp-block-heading\">Das besondere Konfirmationsvideo<\/h3>\n\n\n\n<p>F\u00fcr Kirchengemeinden und privat biete ich die Produktion in&nbsp;HD (High Definition)&nbsp;von einem Konfirmations-, Firmungs- oder Kommunionsvideo an.<\/p>\n\n\n\n<p>W\u00e4hrend dem Gottesdienst filme ich unauff\u00e4llig ohne St\u00f6rungen des Ablaufs, schneide es anschlie\u00dfend zu einem attraktiven Video zusammen und biete es im Anschluss auf BluRay-Disc und DVD&nbsp;mit einer individuell gestalteten H\u00fclle&nbsp;Ihren Gemeindemitgliedern an.<\/p>\n\n\n\n<p><a href=\"https:\/\/www.tz-videoproduktion.de\/?page_id=25\">Bei Interesse setzen Sie sich bitte mit mir in Verbindung!<\/a><\/p>\n\n\n\n<p>Wenn Sie online bestellen m\u00f6chten, fragen Sie bitte den Link per <a href=\"mailto:tz-videoproduktion@gmx.de?subject=Link%20f\u00fcr Bestellung\">E-Mail<\/a> oder <a title=\"Kontakt\" href=\"https:\/\/www.tz-videoproduktion.de\/?page_id=25\">Kontaktformular <\/a>an!<\/p>\n\n\n\n<div class=\"wp-block-image\"><figure class=\"alignleft size-medium\"><img loading=\"lazy\" decoding=\"async\" width=\"300\" height=\"256\" src=\"https:\/\/tz-videoproduktion.de\/wp-content\/uploads\/Konfi-DVD-BD-02-300x256.jpg\" alt=\"\" class=\"wp-image-573\" title=\"Konfi DVD BD\" srcset=\"https:\/\/tz-videoproduktion.de\/wp-content\/uploads\/Konfi-DVD-BD-02-300x256.jpg 300w, https:\/\/tz-videoproduktion.de\/wp-content\/uploads\/Konfi-DVD-BD-02-1024x875.jpg 1024w\" sizes=\"auto, (max-width: 300px) 100vw, 300px\" \/><\/figure><\/div>\n","protected":false},"excerpt":{"rendered":"<p>Das besondere Konfirmationsvideo F\u00fcr Kirchengemeinden und privat biete ich die Produktion in&nbsp;HD (High Definition)&nbsp;von einem Konfirmations-, Firmungs- oder Kommunionsvideo an. W\u00e4hrend dem Gottesdienst filme ich unauff\u00e4llig ohne St\u00f6rungen des Ablaufs, schneide es anschlie\u00dfend zu einem attraktiven Video zusammen und biete es im Anschluss auf BluRay-Disc und DVD&nbsp;mit einer individuell gestalteten H\u00fclle&nbsp;Ihren Gemeindemitgliedern an. Bei Interesse [&hellip;]<\/p>\n","protected":false},"author":2,"featured_media":0,"parent":0,"menu_order":0,"comment_status":"closed","ping_status":"closed","template":"","meta":{"ngg_post_thumbnail":0,"footnotes":""},"class_list":["post-23","page","type-page","status-publish","hentry","post"],"_links":{"self":[{"href":"https:\/\/tz-videoproduktion.de\/index.php?rest_route=\/wp\/v2\/pages\/23","targetHints":{"allow":["GET"]}}],"collection":[{"href":"https:\/\/tz-videoproduktion.de\/index.php?rest_route=\/wp\/v2\/pages"}],"about":[{"href":"https:\/\/tz-videoproduktion.de\/index.php?rest_route=\/wp\/v2\/types\/page"}],"author":[{"embeddable":true,"href":"https:\/\/tz-videoproduktion.de\/index.php?rest_route=\/wp\/v2\/users\/2"}],"replies":[{"embeddable":true,"href":"https:\/\/tz-videoproduktion.de\/index.php?rest_route=%2Fwp%2Fv2%2Fcomments&post=23"}],"version-history":[{"count":2,"href":"https:\/\/tz-videoproduktion.de\/index.php?rest_route=\/wp\/v2\/pages\/23\/revisions"}],"predecessor-version":[{"id":951,"href":"https:\/\/tz-videoproduktion.de\/index.php?rest_route=\/wp\/v2\/pages\/23\/revisions\/951"}],"wp:attachment":[{"href":"https:\/\/tz-videoproduktion.de\/index.php?rest_route=%2Fwp%2Fv2%2Fmedia&parent=23"}],"curies":[{"name":"wp","href":"https:\/\/api.w.org\/{rel}","templated":true}]}}